?
27
Calculate the remainder when 673772 is divided by 28063.
260
Calculate the remainder when 4117103 is divided by 140.
123
What is the remainder when 2717428 is divided by 301903?
301
Calculate the remainder when 2679862 is divided by 72428.
26
Calculate the remainder when 1690418 is divided by 62607.
29
What is the remainder when 214472 is divided by 2523?
17
Calculate the remainder when 35909862 is divided by 52.
14
Calculate the remainder when 16687311 is divided by 2964.
2955
Calculate the remainder when 2079589 is divided by 332.
273
What is the remainder when 7657449 is divided by 3774?
3
What is the remainder when 35875924 is divided by 50?
24
Calculate the remainder when 8226183 is divided by 177.
108
What is the remainder when 672684 is divided by 36?
24
Calculate the remainder when 397232 is divided by 2371.
1275
Calculate the remainder when 3943132 is divided by 985717.
264
What is the remainder when 5343871 is divided by 54?
31
Calculate the remainder when 4302443 is divided by 410.
313
Calculate the remainder when 473220 is divided by 94644.
0
What is the remainder when 1789968 is divided by 616?
488
Calculate the remainder when 1418991 is divided by 131.
130
What is the remainder when 4197469 is divided by 9518?
31
What is the remainder when 152692322 is divided by 3283?
3275
Calculate the remainder when 807255 is divided by 269036.
147
Calculate the remainder when 67294269 is divided by 903.
0
Calculate the remainder when 10408765 is divided by 9932.
29
Calculate the remainder when 136843171 is divided by 953.
948
Calculate the remainder when 2332712 is divided by 852.
788
Calculate the remainder when 715114 is divided by 2364.
1186
Calculate the remainder when 390634 is divided by 435.
4
Calculate the remainder when 40557495 is divided by 1763369.
8
Calculate the remainder when 1120736 is divided by 62237.
470
Calculate the remainder when 79212607 is divided by 2400382.
1
What is the remainder when 1260071 is divided by 61?
55
What is the remainder when 19285759 is divided by 520?
519
What is the remainder when 1991 is divided by 173?
88
What is the remainder when 34224 is divided by 2166?
1734
What is the remainder when 42842713 is divided by 149?
147
What is the remainder when 3459283 is divided by 21486?
37
What is the remainder when 1898935 is divided by 2612?
11
Calculate the remainder when 6458353 is divided by 2152782.
7
What is the remainder when 180492 is divided by 165203?
15289
Calculate the remainder when 2905808 is divided by 115.
103
Calculate the remainder when 7053161 is divided by 136.
65
Calculate the remainder when 20977035 is divided by 432.
411
What is the remainder when 852626 is divided by 21246?
2786
What is the remainder when 1060333 is divided by 211864?
1013
What is the remainder when 2111372 is divided by 28532?
4
What is the remainder when 32915 is divided by 7844?
1539
Calculate the remainder when 29725 is divided by 13743.
2239
Calculate the remainder when 145551296 is divided by 751.
737
Calculate the remainder when 1199224 is divided by 235.
19
What is the remainder when 12869387 is divided by 8450?
37
What is the remainder when 241806 is divided by 30140?
686
Calculate the remainder when 126978 is divided by 66.
60
Calculate the remainder when 3432171 is divided by 24170.
31
Calculate the remainder when 11923481 is divided by 10496.
25
What is the remainder when 1807000 is divided by 1806994?
6
Calculate the remainder when 48620424 is divided by 16206799.
27
Calculate the remainder when 265019 is divided by 1086.
35
What is the remainder when 1085481 is divided by 1531?
2
Calculate the remainder when 365991 is divided by 2578.
2493
Calculate the remainder when 2811 is divided by 1486.
1325
What is the remainder when 18797 is divided by 5835?
1292
Calculate the remainder when 15274881 is divided by 596.
593
What is the remainder when 555761 is divided by 15807?
2516
Calculate the remainder when 213680 is divided by 1112.
176
What is the remainder when 277083 is divided by 181?
153
Calculate the remainder when 2933946 is divided by 307.
254
What is the remainder when 1836868 is divided by 25?
18
Calculate the remainder when 94603 is divided by 1931.
1915
What is the remainder when 138091 is divided by 137968?
123
Calculate the remainder when 21630662 is divided by 11.
9
Calculate the remainder when 10962 is divided by 2584.
626
Calculate the remainder when 237316 is divided by 19770.
76
Calculate the remainder when 21041991 is divided by 3274.
3267
Calculate the remainder when 2624009 is divided by 874661.
26
Calculate the remainder when 11949 is divided by 1705.
14
What is the remainder when 2996308 is divided by 9025?
8
Calculate the remainder when 579486 is divided by 2836.
942
What is the remainder when 2776 is divided by 2127?
649
What is the remainder when 106161 is divided by 9622?
319
What is the remainder when 36548700 is divided by 55?
45
Calculate the remainder when 7985423 is divided by 614263.
4
What is the remainder when 9337 is divided by 1670?
987
What is the remainder when 176177 is divided by 351?
326
What is the remainder when 168420 is divided by 1416?
1332
Calculate the remainder when 4243596 is divided by 204.
192
Calculate the remainder when 1922077 is divided by 960473.
1131
What is the remainder when 18021834 is divided by 253?
138
What is the remainder when 523013 is divided by 18?
5
Calculate the remainder when 380526753 is divided by 1304.
1297
Calculate the remainder when 57258405 is divided by 9567.
9477
Calculate the remainder when 14272569 is divided by 4149.
9
Calculate the remainder when 6344404 is divided by 90.
34
What is the remainder when 31178 is divided by 340?
238
Calculate the remainder when 14871 is divided by 11243.
3628
Calculate the remainder when 1650108 is divided by 61.
58
What is the remainder when 68358744 is divided by 228?
12
What is the remainder when 11007259 is divided by 204?
31
Calculate the remainder when 11219613 is divided by 1794.
1731
Calculate the remainder when 1578196947 is divided by 605.
602
What is the remainder when 17216 is divided by 1351?
1004
Calculate the remainder when 23075 is divided by 2683.
1611
Calculate the remainder when 1204204 is divided by 39.
1
Calculate the remainder when 285259 is divided by 10532.
895
Calculate the remainder when 3634969 is divided by 1211624.
97
What is the remainder when 890003 is divided by 222016?
1939
Calculate the remainder when 362300 is divided by 27853.
211
Calculate the remainder when 434962 is divided by 228.
166
What is the remainder when 2059524 is divided by 5?
4
Calculate the remainder when 46228172 is divided by 1506.
1502
What is the remainder when 161511 is divided by 6902?
2765
What is the remainder when 11742507 is divided by 1957077?
45
Calculate the remainder when 1026818 is divided by 240.
98
What is the remainder when 6030660 is divided by 27791?
13
Calculate the remainder when 38812242 is divided by 250.
242
Calculate the remainder when 123058 is divided by 42.
40
Calculate the remainder when 23048900 is divided by 55.
50
What is the remainder when 5009661 is divided by 679?
678
Calculate the remainder when 7777941 is divided by 6.
3
What is the remainder when 13096920 is divided by 3140?
3120
Calculate the remainder when 453970 is divided by 30237.
415
What is the remainder when 1762712 is divided by 367?
11
Calculate the remainder when 69768290 is divided by 23256093.
11
Calculate the remainder when 2235523 is divided by 24299.
15
What is the remainder when 1451443 is divided by 118?
43
Calculate the remainder when 28696 is divided by 877.
632
Calculate the remainder when 774747 is divided by 774746.
1
What is the remainder when 15994 is divided by 106?
94
Calculate the remainder when 53919 is divided by 402.
51
Calculate the remainder when 5154929 is divided by 1230.
1229
What is the remainder when 457412 is divided by 7265?
6982
What is the remainder when 31957 is divided by 9160?
4477
What is the remainder when 22229066 is divided by 3978?
2
What is the remainder when 4776213 is divided by 1194051?
9
Calculate the remainder when 20505142 is divided by 132.
130
What is the remainder when 3337482 is divided by 1020?
42
Calculate the remainder when 55155630